{"id":265,"date":"2015-08-30T20:04:04","date_gmt":"2015-08-30T20:04:04","guid":{"rendered":"http:\/\/zeitschnur.de\/?page_id=265"},"modified":"2026-02-03T13:20:15","modified_gmt":"2026-02-03T13:20:15","slug":"verlag-2","status":"publish","type":"page","link":"http:\/\/zeitschnur.de\/?page_id=265","title":{"rendered":"Verlag"},"content":{"rendered":"<blockquote><p><strong>Alle B\u00fccher k\u00f6nnen im Buchhandel bestellt werden und sind auch im &#8222;Verzeichnis Lieferbarer B\u00fccher&#8220; (<a href=\"https:\/\/vlb.de\/\" target=\"_blank\" rel=\"noopener\">VLB<\/a>) aufgef\u00fchrt.<br \/>\nMan kann sie auch online bei <a href=\"https:\/\/www.booklooker.de\/\" target=\"_blank\" rel=\"noopener\">Booklooker<\/a> erwerben.<\/strong><\/p><\/blockquote>\n<p><strong><span style=\"color: #ff0000;\">HOROLOGIUM MUSICUM (Reihe)<\/span><\/strong><\/p>\n<p>Band 1:<\/p>\n<p>Irmentraud Kiefer: Verwilderte G\u00e4rten. Gedichte | ISBN 987-3-940764-18-8 | (vergriffen)<\/p>\n<p>Band 2:<\/p>\n<p>B\u00e4rbel Vogt: Insektenges\u00e4nge. Gedichte | ISBN 987-3-940764-20-1 | 15,00 \u20ac (lieferbar)<\/p>\n<p>Band 3:<\/p>\n<p>Rudolf H\u00e4fele: Nach Amdo | ISBN 987-3-940764-24-9 | 14,00 \u20ac (lieferbar)<\/p>\n<p>&nbsp;<\/p>\n<p>&nbsp;<\/p>\n<p><strong><span style=\"color: #ff0000;\">HOROLOGIUM HISTORICUM ET PHILOSOPHICUM (Reihe)<\/span><\/strong><\/p>\n<p>Band 1:<\/p>\n<p>Hanna J\u00fcngling: Sakrament und Macht | ISBN 978-3-940764-19-5 | 18,00 \u20ac (vergriffen)<\/p>\n<p>Band 2:<\/p>\n<p>Hanna J\u00fcngling: Das Schillern der Dinge | ISBN 987-3-940764-21-8 | 18,00 \u20ac (vergriffen)<\/p>\n<p>Band 3:<\/p>\n<p>Hanna J\u00fcngling: In der Gestalt Gottes | ISBN 987-3-940764-25-6 | 21,00 \u20ac (lieferbar)<\/p>\n<p>Band 4:<\/p>\n<p>Hanna J\u00fcngling: Innenk\u00f6nig | ISBN 987-3-940764-26-3 | 15,00 \u20ac (lieferbar)<\/p>\n<p>Band 5:<\/p>\n<p>Hanna J\u00fcngling: Fake Heavens \u2013 Die Kuckucksuhr im All | ISBN 987-3-940764-27-0 | 19,00 \u20ac (lieferbar)<\/p>\n<p>Band 6:<\/p>\n<p>Hanna J\u00fcngling: Fake Heavens &#8211; Der Weltenberg | ISBN 987-3-940764-28-7 | 20,00 \u20ac (lieferbar)<\/p>\n<p>Band 7:<\/p>\n<p>Hanna J\u00fcngling: Herodes oder Die Apokalypse der Repr\u00e4sentationen | ISBN 987-3-940764-29-4 | 23,00 \u20ac (lieferbar)<\/p>\n<p>&nbsp;<\/p>\n<p><strong><span style=\"color: #ff0000;\">Unabh\u00e4ngige Publikationen<\/span><\/strong><\/p>\n<p>Hanna J\u00fcngling \u2013 Apostola abscondita (Verborgene Apostelin) | ISBN 978-3-940764-17-1 | 18,00 \u20ac (lieferbar)<\/p>\n<p>B\u00e4rbel Vogt: Tag und Nachtseiten | ISBN 978-3-940764-16-4 | 30,00 \u20ac (vergriffen)<\/p>\n<p>Hanna J\u00fcngling \u2013 Phantasien eines Bassgeigers | ISBN 987-3-940764-01-0 |\u00a0 15,00 \u20ac (lieferbar)<\/p>\n<p>Hanna J\u00fcngling \u2013 Tee und Geige | 3 Erz\u00e4hlungen | ISBN 978-3-940764-00-3 | 19,00 \u20ac (lieferbar)<\/p>\n<p>Hedi Schulitz (Hg.): Feline Texturen. Ein Katzenbuch | ISBN 987-3-940764-22-5 | 15,00 \u20ac (lieferbar)<\/p>\n<p>Regine Kress-Fricke &amp; Guntram Prochaska: WortLAUT und leise | ISBN 978-3-940764-06-5 | 48 \u20ac (vergriffen)<\/p>\n<p>Johanna Benrath: Ein kleiner \u00e4lterer Herr | ISBN 978-3-940764-02-7 | Einzelpreis 15,00 \u20ac (bei Interesse bitte Anfrage an den Verlag, da handgebunden)<\/p>\n<p>&nbsp;<\/p>\n<p><strong><span style=\"color: #ff0000;\">Musik\/Noten:<\/span><\/strong><\/p>\n<p>Hanna J\u00fcngling: Andante pumilioso \u2013 Im Zwergenschritt | ISBN 978-3-940764-15-7 | 12,00 \u20ac (lieferbar)<\/p>\n<p>Hedi Schulitz (Hg.): Klanggestalten | ISBN 978-3-940764-10-2 | 8,00 \u20ac (vergriffen)<\/p>\n<p>Hanna J\u00fcngling \u2013 Notenlernspiel f\u00fcr kleine Geiger | ISBN 978-3-940764-04-1 | Einzelpreis 10,00 \u20ac (bei Interesse bitte Anfrage an den Verlag, da handgemacht)<\/p>\n","protected":false},"excerpt":{"rendered":"<p>Alle B\u00fccher k\u00f6nnen im Buchhandel bestellt werden und sind auch im &#8222;Verzeichnis Lieferbarer B\u00fccher&#8220; (VLB) aufgef\u00fchrt. Man kann sie auch online bei Booklooker erwerben. HOROLOGIUM MUSICUM (Reihe) Band 1: Irmentraud [&hellip;]<\/p>\n","protected":false},"author":1,"featured_media":0,"parent":0,"menu_order":0,"comment_status":"closed","ping_status":"closed","template":"template-full.php","meta":{"footnotes":""},"class_list":["post-265","page","type-page","status-publish","hentry"],"_links":{"self":[{"href":"http:\/\/zeitschnur.de\/index.php?rest_route=\/wp\/v2\/pages\/265","targetHints":{"allow":["GET"]}}],"collection":[{"href":"http:\/\/zeitschnur.de\/index.php?rest_route=\/wp\/v2\/pages"}],"about":[{"href":"http:\/\/zeitschnur.de\/index.php?rest_route=\/wp\/v2\/types\/page"}],"author":[{"embeddable":true,"href":"http:\/\/zeitschnur.de\/index.php?rest_route=\/wp\/v2\/users\/1"}],"replies":[{"embeddable":true,"href":"http:\/\/zeitschnur.de\/index.php?rest_route=%2Fwp%2Fv2%2Fcomments&post=265"}],"version-history":[{"count":89,"href":"http:\/\/zeitschnur.de\/index.php?rest_route=\/wp\/v2\/pages\/265\/revisions"}],"predecessor-version":[{"id":811,"href":"http:\/\/zeitschnur.de\/index.php?rest_route=\/wp\/v2\/pages\/265\/revisions\/811"}],"wp:attachment":[{"href":"http:\/\/zeitschnur.de\/index.php?rest_route=%2Fwp%2Fv2%2Fmedia&parent=265"}],"curies":[{"name":"wp","href":"https:\/\/api.w.org\/{rel}","templated":true}]}}