{"id":826,"date":"2026-02-18T12:34:58","date_gmt":"2026-02-18T12:34:58","guid":{"rendered":"http:\/\/zeitschnur.de\/?page_id=826"},"modified":"2026-02-18T14:13:13","modified_gmt":"2026-02-18T14:13:13","slug":"musikbeispiele","status":"publish","type":"page","link":"http:\/\/zeitschnur.de\/?page_id=826","title":{"rendered":"Musikbeispiele"},"content":{"rendered":"<p><a href=\"http:\/\/www.youtube.com\/watch?v=AMPPqyoJSxI\" target=\"_blank\"?autoplay=1?mute=0 target=\"_blank\" rel=\"noopener noreferrer\">Hanna J\u00fcngling: Maria spielt schwarz. Musik f\u00fcr Violine solo &#038; Gong<\/a><\/p>\n<p><a href=\"http:\/\/www.youtube.com\/watch?v=8E7OK-Pf1W4\" target=\"_blank\"?autoplay=1?mute=0 target=\"_blank\" rel=\"noopener noreferrer\">Hanna J\u00fcngling: Maria spielt rot. Musik f\u00fcr Violine solo &#038; Gong. Auf ein Diptychon<\/a><\/p>\n<p><a href=\"https:\/\/odysee.com\/@zeitschnur:8\/KLANGROT-(Hanna-J\u00fcngling---Rudolf-H\u00e4fele--Festival-FFMK-20212-Projekt--Expedition-ins-Innere-des-Tons---II.-Der-Ton-aus-der-Maschine-:4?autoplay=1?mute=0\" target=\"_blank\" rel=\"noopener noreferrer\">KLANGROT (Hanna J\u00fcngling &amp; Rudolf H\u00e4fele): Festival FFMK 2012 Projekt &#8222;Expedition ins Innere des Tons &#8211; II. Der Ton aus der Maschine&#8220;<\/a><\/p>\n<p><a href=\"https:\/\/odysee.com\/@zeitschnur:8\/Hanna-J\u00fcngling---Andrea-Singelmann--Online-KOnzert-:1?autoplay=1?mute=0\" target=\"_blank\" rel=\"noopener noreferrer\">Hanna J\u00fcngling &#038; Andrea Singelmann: Online-Konzert im BBK Karlsruhe 2021<\/a><\/p>\n<p><a href=\"https:\/\/odysee.com\/@zeitschnur:8\/hackbrett-impro-I:1?autoplay=1?mute=0\" target=\"_blank\" rel=\"noopener noreferrer\">Hackbrett Improvisation I &#8211; Hanna J\u00fcngling auf einem diatonischen Hackbrett 2020<\/a><\/p>\n<p><a href=\"https:\/\/odysee.com\/@zeitschnur:8\/Glocken-Hackbrett-Impro-II:f?autoplay=1?mute=0\" target=\"_blank\" rel=\"noopener noreferrer\">Hackbrett Improvisation II (Glocken) &#8211; Hanna J\u00fcngling auf einem diatonischen Hackbrett 2020<\/a><\/p>\n<p><a href=\"https:\/\/odysee.com\/@zeitschnur:8\/Via-crucis-1---Jesus-wird-zum-Tod-verurteilt:a?autoplay=1?mute=0\" target=\"_blank\" rel=\"noopener noreferrer\">Via crucis (2013) &#8211; Hanna J\u00fcngling (Violine solo) Station 1 &#8211; Jesus wird zum Tod verurteilt<\/a><\/p>\n","protected":false},"excerpt":{"rendered":"<p>Hanna J\u00fcngling: Maria spielt schwarz. Musik f\u00fcr Violine solo &#038; Gong Hanna J\u00fcngling: Maria spielt rot. Musik f\u00fcr Violine solo &#038; Gong. Auf ein Diptychon KLANGROT (Hanna J\u00fcngling &amp; Rudolf [&hellip;]<\/p>\n","protected":false},"author":1,"featured_media":0,"parent":0,"menu_order":0,"comment_status":"closed","ping_status":"closed","template":"","meta":{"footnotes":""},"class_list":["post-826","page","type-page","status-publish","hentry"],"_links":{"self":[{"href":"http:\/\/zeitschnur.de\/index.php?rest_route=\/wp\/v2\/pages\/826","targetHints":{"allow":["GET"]}}],"collection":[{"href":"http:\/\/zeitschnur.de\/index.php?rest_route=\/wp\/v2\/pages"}],"about":[{"href":"http:\/\/zeitschnur.de\/index.php?rest_route=\/wp\/v2\/types\/page"}],"author":[{"embeddable":true,"href":"http:\/\/zeitschnur.de\/index.php?rest_route=\/wp\/v2\/users\/1"}],"replies":[{"embeddable":true,"href":"http:\/\/zeitschnur.de\/index.php?rest_route=%2Fwp%2Fv2%2Fcomments&post=826"}],"version-history":[{"count":61,"href":"http:\/\/zeitschnur.de\/index.php?rest_route=\/wp\/v2\/pages\/826\/revisions"}],"predecessor-version":[{"id":889,"href":"http:\/\/zeitschnur.de\/index.php?rest_route=\/wp\/v2\/pages\/826\/revisions\/889"}],"wp:attachment":[{"href":"http:\/\/zeitschnur.de\/index.php?rest_route=%2Fwp%2Fv2%2Fmedia&parent=826"}],"curies":[{"name":"wp","href":"https:\/\/api.w.org\/{rel}","templated":true}]}}